{"id":988329,"date":"2026-03-17T20:59:52","date_gmt":"2026-03-17T20:59:52","guid":{"rendered":"https:\/\/beatodigital.es\/ropa\/?page_id=988329"},"modified":"2026-03-17T21:05:28","modified_gmt":"2026-03-17T21:05:28","slug":"aviso-legal","status":"publish","type":"page","link":"https:\/\/beatodigital.es\/ropa\/index.php\/aviso-legal\/","title":{"rendered":"Aviso legal"},"content":{"rendered":"\t\t<div data-elementor-type=\"wp-page\" data-elementor-id=\"988329\" class=\"elementor elementor-988329\" data-elementor-post-type=\"page\">\n\t\t\t\t<div class=\"elementor-element elementor-element-42f0eae4 e-flex e-con-boxed wcf-starter-animations-none e-con e-parent\" data-id=\"42f0eae4\" data-element_type=\"container\" data-e-type=\"container\">\n\t\t\t\t\t<div class=\"e-con-inner\">\n\t\t\t\t<div class=\"vamtam-has-theme-widget-styles elementor-element elementor-element-b7d6839 wcf-starter-animations-none elementor-widget elementor-widget-text-editor\" data-id=\"b7d6839\" data-element_type=\"widget\" data-e-type=\"widget\" data-settings=\"{&quot;wcf_starter_animations&quot;:&quot;none&quot;,&quot;wcf_anim_duration&quot;:1000,&quot;wcf_anim_delay&quot;:0,&quot;wcf_anim_ease&quot;:&quot;ease&quot;}\" data-widget_type=\"text-editor.default\">\n\t\t\t\t<div class=\"elementor-widget-container\">\n\t\t\t\t\t\t\t\t\t<h3 data-path-to-node=\"3\"><b data-path-to-node=\"3\" data-index-in-node=\"0\">AVISO LEGAL Y CONDICIONES GENERALES DE USO<\/b><\/h3><p data-path-to-node=\"4\"><b data-path-to-node=\"4\" data-index-in-node=\"0\">1. DATOS IDENTIFICATIVOS<\/b><\/p><p data-path-to-node=\"4\">En cumplimiento con el deber de informaci\u00f3n recogido en la normativa vigente de servicios de la sociedad de la informaci\u00f3n y de comercio electr\u00f3nico, a continuaci\u00f3n se reflejan los siguientes datos: La empresa titular de este dominio web es Ana Belen de V\u00e9s, con domicilio a estos efectos en Carrer Jos\u00e9 Cremades Monp\u00f3, 3, 03440 Ibi, Alicante, Espa\u00f1a.<\/p><p data-path-to-node=\"5\"><b data-path-to-node=\"5\" data-index-in-node=\"0\">2. OBJETO Y \u00c1MBITO DE APLICACI\u00d3N<\/b><\/p><p data-path-to-node=\"5\">Estas condiciones regulan el uso del sitio web , a trav\u00e9s del cual Ana Bel\u00e9n de Ves ofrece a los usuarios informaci\u00f3n y comercializaci\u00f3n de art\u00edculos de moda, ropa y accesorios exclusivos para la mujer. El acceso a la p\u00e1gina web es gratuito y atribuye la condici\u00f3n de Usuario, quien acepta, desde dicho acceso, las Condiciones Generales de Uso aqu\u00ed reflejadas.<\/p><p data-path-to-node=\"6\"><b data-path-to-node=\"6\" data-index-in-node=\"0\">3. PROPIEDAD INTELECTUAL E INDUSTRIAL<\/b><\/p><p data-path-to-node=\"6\">Ana Bel\u00e9n de Ves, por s\u00ed o como cesionaria, es titular de todos los derechos de propiedad intelectual e industrial de su p\u00e1gina web, as\u00ed como de los elementos contenidos en la misma (a t\u00edtulo enunciativo: fotograf\u00edas de las prendas y modelos, im\u00e1genes, cat\u00e1logos, dise\u00f1os de ropa, sonido, audio, v\u00eddeo, software o textos; marcas o logotipos, combinaciones de colores, estructura y dise\u00f1o, etc.). Quedan expresamente prohibidas la reproducci\u00f3n, la distribuci\u00f3n y la comunicaci\u00f3n p\u00fablica, incluida su modalidad de puesta a disposici\u00f3n, de la totalidad o parte de los contenidos de esta p\u00e1gina web, con fines comerciales, en cualquier soporte y por cualquier medio t\u00e9cnico, sin la autorizaci\u00f3n expresa de Ana Bel\u00e9n de Ves.<\/p><p data-path-to-node=\"7\"><b data-path-to-node=\"7\" data-index-in-node=\"0\">4. OBLIGACIONES DEL USUARIO<\/b><\/p><p data-path-to-node=\"7\">El Usuario se compromete a hacer un uso adecuado de los contenidos y servicios que Ana Bel\u00e9n de Ves ofrece a trav\u00e9s de su portal. A car\u00e1cter enunciativo pero no limitativo, el Usuario se abstendr\u00e1 de:<\/p><ul data-path-to-node=\"8\"><li><p data-path-to-node=\"8,0,0\">Incurrir en actividades il\u00edcitas, ilegales o contrarias a la buena fe y al orden p\u00fablico.<\/p><\/li><li><p data-path-to-node=\"8,1,0\">Difundir contenidos o propaganda de car\u00e1cter racista, xen\u00f3fobo, pornogr\u00e1fico, de apolog\u00eda del terrorismo o atentatorio contra los derechos humanos.<\/p><\/li><li><p data-path-to-node=\"8,2,0\">Provocar da\u00f1os en los sistemas f\u00edsicos y l\u00f3gicos de Ana Bel\u00e9n de Ves, de sus proveedores o de terceras personas.<\/p><\/li><\/ul><p data-path-to-node=\"9\"><b data-path-to-node=\"9\" data-index-in-node=\"0\">5. EXCLUSI\u00d3N DE GARANT\u00cdAS Y RESPONSABILIDAD<\/b><\/p><p data-path-to-node=\"9\">Ana Bel\u00e9n de Ves no se hace responsable, en ning\u00fan caso, de los da\u00f1os y perjuicios de cualquier naturaleza que pudieran ocasionar, a t\u00edtulo enunciativo: errores u omisiones en los contenidos (tallas, disponibilidad de stock o descripciones sujetas a actualizaci\u00f3n), falta de disponibilidad del portal o la transmisi\u00f3n de virus o programas maliciosos en los contenidos, a pesar de haber adoptado todas las medidas tecnol\u00f3gicas necesarias para evitarlo.<\/p><p data-path-to-node=\"10\"><b data-path-to-node=\"10\" data-index-in-node=\"0\">6. MODIFICACIONES<\/b> Ana Bel\u00e9n de Ves se reserva el derecho de efectuar sin previo aviso las modificaciones que considere oportunas en su portal, pudiendo cambiar, suprimir o a\u00f1adir tanto los contenidos y productos de moda femenina que se presten a trav\u00e9s de la misma, como la forma en la que \u00e9stos aparezcan presentados o localizados.<\/p><p data-path-to-node=\"11\"><b data-path-to-node=\"11\" data-index-in-node=\"0\">7. LEGISLACI\u00d3N APLICABLE Y JURISDICCI\u00d3N<\/b><\/p><p data-path-to-node=\"11\">La relaci\u00f3n entre Ana Bel\u00e9n de Ves y el Usuario se regir\u00e1 por la normativa vigente aplicable en <b data-path-to-node=\"11\" data-index-in-node=\"136\">Espa\u00f1a<\/b> y cualquier controversia se someter\u00e1 a los Juzgados y tribunales de la ciudad de <b data-path-to-node=\"11\" data-index-in-node=\"258\">Alicante<\/b>, salvo que la ley aplicable disponga otra cosa en materia de consumidores y usuarios.<\/p>\t\t\t\t\t\t\t\t<\/div>\n\t\t\t\t<\/div>\n\t\t\t\t\t<\/div>\n\t\t\t\t<\/div>\n\t\t\t\t<\/div>\n\t\t","protected":false},"excerpt":{"rendered":"<p>Condiciones de uso de Ana Bel\u00e9n de V\u00e9s Moda<\/p>\n","protected":false},"author":2,"featured_media":0,"parent":0,"menu_order":0,"comment_status":"closed","ping_status":"closed","template":"","meta":{"footnotes":""},"class_list":["post-988329","page","type-page","status-publish","hentry"],"_links":{"self":[{"href":"https:\/\/beatodigital.es\/ropa\/index.php\/wp-json\/wp\/v2\/pages\/988329","targetHints":{"allow":["GET"]}}],"collection":[{"href":"https:\/\/beatodigital.es\/ropa\/index.php\/wp-json\/wp\/v2\/pages"}],"about":[{"href":"https:\/\/beatodigital.es\/ropa\/index.php\/wp-json\/wp\/v2\/types\/page"}],"author":[{"embeddable":true,"href":"https:\/\/beatodigital.es\/ropa\/index.php\/wp-json\/wp\/v2\/users\/2"}],"replies":[{"embeddable":true,"href":"https:\/\/beatodigital.es\/ropa\/index.php\/wp-json\/wp\/v2\/comments?post=988329"}],"version-history":[{"count":7,"href":"https:\/\/beatodigital.es\/ropa\/index.php\/wp-json\/wp\/v2\/pages\/988329\/revisions"}],"predecessor-version":[{"id":988336,"href":"https:\/\/beatodigital.es\/ropa\/index.php\/wp-json\/wp\/v2\/pages\/988329\/revisions\/988336"}],"wp:attachment":[{"href":"https:\/\/beatodigital.es\/ropa\/index.php\/wp-json\/wp\/v2\/media?parent=988329"}],"curies":[{"name":"wp","href":"https:\/\/api.w.org\/{rel}","templated":true}]}}