{"id":739,"date":"2023-12-29T09:28:14","date_gmt":"2023-12-29T09:28:14","guid":{"rendered":"https:\/\/innovecouture.vamtam.com\/?page_id=739"},"modified":"2026-03-15T15:59:06","modified_gmt":"2026-03-15T15:59:06","slug":"politica-de-cookies","status":"publish","type":"page","link":"https:\/\/beatodigital.es\/ropa\/index.php\/politica-de-cookies\/","title":{"rendered":"Pol\u00edtica de Cookies"},"content":{"rendered":"\t\t<div data-elementor-type=\"wp-page\" data-elementor-id=\"739\" class=\"elementor elementor-739\" data-elementor-post-type=\"page\">\n\t\t\t\t<div class=\"elementor-element elementor-element-3f39572 e-flex e-con-boxed wcf-starter-animations-none e-con e-parent\" data-id=\"3f39572\" data-element_type=\"container\" data-e-type=\"container\">\n\t\t\t\t\t<div class=\"e-con-inner\">\n\t\t\t\t<div class=\"vamtam-has-theme-widget-styles elementor-element elementor-element-7ef883f wcf-starter-animations-none elementor-widget elementor-widget-text-editor\" data-id=\"7ef883f\" data-element_type=\"widget\" data-e-type=\"widget\" data-settings=\"{&quot;wcf_starter_animations&quot;:&quot;none&quot;,&quot;wcf_anim_duration&quot;:1000,&quot;wcf_anim_delay&quot;:0,&quot;wcf_anim_ease&quot;:&quot;ease&quot;}\" data-widget_type=\"text-editor.default\">\n\t\t\t\t<div class=\"elementor-widget-container\">\n\t\t\t\t\t\t\t\t\t<h3 data-path-to-node=\"3\">POL\u00cdTICA DE COOKIES<\/h3><p data-path-to-node=\"4\">En <strong>Ana Belen de V\u00e9s moda<\/strong> utilizamos cookies y tecnolog\u00edas similares para garantizar el correcto funcionamiento de nuestra tienda online, mejorar la experiencia de navegaci\u00f3n y analizar el tr\u00e1fico.<\/p><p data-path-to-node=\"5\"><b data-path-to-node=\"5\" data-index-in-node=\"0\">1. \u00bfQU\u00c9 SON LAS COOKIES?<\/b><\/p><p data-path-to-node=\"5\">Las cookies son peque\u00f1os archivos de texto que las p\u00e1ginas web almacenan en el navegador del usuario que las visita. Su principal objetivo es recordar informaci\u00f3n sobre la visita, como el idioma preferido, los productos a\u00f1adidos al carrito o los datos de inicio de sesi\u00f3n, facilitando as\u00ed la pr\u00f3xima visita y haciendo que el sitio sea m\u00e1s \u00fatil.<\/p><p data-path-to-node=\"6\"><b data-path-to-node=\"6\" data-index-in-node=\"0\">2. \u00bfQU\u00c9 TIPOS DE COOKIES UTILIZAMOS?<\/b><\/p><p data-path-to-node=\"6\">En este sitio web utilizamos los siguientes tipos de cookies:<\/p><ul data-path-to-node=\"7\"><li><p data-path-to-node=\"7,0,0\"><b data-path-to-node=\"7,0,0\" data-index-in-node=\"0\">Cookies t\u00e9cnicas y estrictamente necesarias:<\/b> Son indispensables para que la tienda online funcione correctamente. Permiten navegar por la web, mantener la sesi\u00f3n abierta, usar elementos de seguridad y gestionar el proceso de compra (el carrito y el checkout). No se pueden desactivar en nuestros sistemas.<\/p><\/li><li><p data-path-to-node=\"7,1,0\"><b data-path-to-node=\"7,1,0\" data-index-in-node=\"0\">Cookies de personalizaci\u00f3n:<\/b> Permiten recordar informaci\u00f3n para que el usuario acceda al servicio con ciertas caracter\u00edsticas que pueden diferenciar su experiencia de la de otros (por ejemplo, el idioma o la moneda).<\/p><\/li><li><p data-path-to-node=\"7,2,0\"><b data-path-to-node=\"7,2,0\" data-index-in-node=\"0\">Cookies de an\u00e1lisis:<\/b> Son aquellas que, tratadas por nosotros o por terceros (como Google Analytics), nos permiten cuantificar el n\u00famero de usuarios y medir c\u00f3mo interact\u00faan con la tienda para mejorar nuestros productos y servicios.<\/p><\/li><li><p data-path-to-node=\"7,3,0\"><b data-path-to-node=\"7,3,0\" data-index-in-node=\"0\">Cookies publicitarias y de comportamiento:<\/b> Almacenan informaci\u00f3n del comportamiento de los usuarios obtenida a trav\u00e9s de la observaci\u00f3n continuada de sus h\u00e1bitos de navegaci\u00f3n. Esto permite desarrollar un perfil espec\u00edfico para mostrar publicidad de moda y ofertas relevantes, tanto en nuestra web como en plataformas de terceros (como Meta\/Facebook\/Instagram).<\/p><\/li><\/ul><p data-path-to-node=\"8\"><b data-path-to-node=\"8\" data-index-in-node=\"0\">3. COOKIES DE TERCEROS<\/b><\/p><p data-path-to-node=\"8\">Este sitio web utiliza servicios de terceros que recopilan informaci\u00f3n con fines estad\u00edsticos y de uso de la web. En particular, utilizamos:<\/p><ul data-path-to-node=\"9\"><li><p data-path-to-node=\"9,0,0\"><b data-path-to-node=\"9,0,0\" data-index-in-node=\"0\">\u00a0Google Analytics:<\/b> Para estad\u00edsticas de tr\u00e1fico y volumen de visitas.<\/p><\/li><li><p data-path-to-node=\"9,1,0\"><b data-path-to-node=\"9,1,0\" data-index-in-node=\"0\">Ejemplo: Meta Pixel:<\/b> Para hacer seguimiento de las conversiones de los anuncios y mostrar publicidad personalizada.<\/p><\/li><li><p data-path-to-node=\"9,2,0\"><b data-path-to-node=\"9,2,0\" data-index-in-node=\"0\">Ejemplo: Stripe \/ PayPal \/ Redsys:<\/b> Cookies de pasarelas de pago para procesar las transacciones de forma segura y prevenir fraudes.<\/p><\/li><\/ul><p data-path-to-node=\"10\"><b data-path-to-node=\"10\" data-index-in-node=\"0\">4. \u00bfC\u00d3MO GESTIONAR O ELIMINAR LAS COOKIES?<\/b><\/p><p data-path-to-node=\"10\">Puedes permitir, bloquear o eliminar las cookies instaladas en tu equipo mediante la configuraci\u00f3n de las opciones de tu navegador. Si bloqueas el uso de cookies en tu navegador es posible que algunos servicios o funcionalidades de la tienda online no est\u00e9n disponibles (como a\u00f1adir productos al carrito).<\/p><p data-path-to-node=\"12,3,0\">\u00a0<\/p><p data-path-to-node=\"13\"><b data-path-to-node=\"13\" data-index-in-node=\"0\">5. ACTUALIZACI\u00d3N DE LA POL\u00cdTICA DE COOKIES<\/b><\/p><p data-path-to-node=\"13\">Es posible que actualicemos la Pol\u00edtica de Cookies de nuestro sitio web, por ello te recomendamos revisar esta pol\u00edtica cada vez que nos visites con el objetivo de estar adecuadamente informado sobre c\u00f3mo y para qu\u00e9 usamos las cookies.<\/p>\t\t\t\t\t\t\t\t<\/div>\n\t\t\t\t<\/div>\n\t\t\t\t\t<\/div>\n\t\t\t\t<\/div>\n\t\t\t\t<\/div>\n\t\t","protected":false},"excerpt":{"rendered":"<p>Pol\u00edtica de Cookies de Ana Belen de V\u00e9s moda<\/p>\n","protected":false},"author":1,"featured_media":0,"parent":0,"menu_order":0,"comment_status":"closed","ping_status":"closed","template":"","meta":{"footnotes":""},"class_list":["post-739","page","type-page","status-publish","hentry"],"_links":{"self":[{"href":"https:\/\/beatodigital.es\/ropa\/index.php\/wp-json\/wp\/v2\/pages\/739","targetHints":{"allow":["GET"]}}],"collection":[{"href":"https:\/\/beatodigital.es\/ropa\/index.php\/wp-json\/wp\/v2\/pages"}],"about":[{"href":"https:\/\/beatodigital.es\/ropa\/index.php\/wp-json\/wp\/v2\/types\/page"}],"author":[{"embeddable":true,"href":"https:\/\/beatodigital.es\/ropa\/index.php\/wp-json\/wp\/v2\/users\/1"}],"replies":[{"embeddable":true,"href":"https:\/\/beatodigital.es\/ropa\/index.php\/wp-json\/wp\/v2\/comments?post=739"}],"version-history":[{"count":4,"href":"https:\/\/beatodigital.es\/ropa\/index.php\/wp-json\/wp\/v2\/pages\/739\/revisions"}],"predecessor-version":[{"id":987674,"href":"https:\/\/beatodigital.es\/ropa\/index.php\/wp-json\/wp\/v2\/pages\/739\/revisions\/987674"}],"wp:attachment":[{"href":"https:\/\/beatodigital.es\/ropa\/index.php\/wp-json\/wp\/v2\/media?parent=739"}],"curies":[{"name":"wp","href":"https:\/\/api.w.org\/{rel}","templated":true}]}}