{"id":1708,"date":"2025-09-15T11:08:30","date_gmt":"2025-09-15T11:08:30","guid":{"rendered":"https:\/\/flexora.vamtam.com\/?page_id=1708"},"modified":"2026-02-21T01:15:58","modified_gmt":"2026-02-21T01:15:58","slug":"terminos-y-condiciones","status":"publish","type":"page","link":"https:\/\/beatodigital.es\/maria\/index.php\/about\/terminos-y-condiciones\/","title":{"rendered":"T\u00e9rminos y condiciones"},"content":{"rendered":"\t\t<div data-elementor-type=\"wp-page\" data-elementor-id=\"1708\" class=\"elementor elementor-1708\" data-elementor-post-type=\"page\">\n\t\t\t\t<div class=\"elementor-element elementor-element-91979f7 animated-fast e-flex e-con-boxed elementor-invisible e-con e-parent\" data-id=\"91979f7\" data-element_type=\"container\" data-e-type=\"container\" data-settings=\"{&quot;animation&quot;:&quot;fadeIn&quot;,&quot;animation_delay&quot;:100,&quot;wcf-animation&quot;:&quot;none&quot;,&quot;wcf_enable_pin_area&quot;:&quot;no&quot;,&quot;aae_enable_header_sticky_area&quot;:&quot;no&quot;,&quot;wcf_enable_horizontal_scroll&quot;:&quot;no&quot;,&quot;wcf_enable_cursor_hover_effect_text&quot;:&quot;View&quot;}\">\n\t\t\t\t\t<div class=\"e-con-inner\">\n\t\t\t\t<div class=\"elementor-element elementor-element-7de08c3 wcf-t-animation-none elementor-widget elementor-widget-heading\" data-id=\"7de08c3\" data-element_type=\"widget\" data-e-type=\"widget\" data-settings=\"{&quot;wcf_text_animation&quot;:&quot;none&quot;,&quot;wcf-animation&quot;:&quot;none&quot;}\" data-widget_type=\"heading.default\">\n\t\t\t\t<div class=\"elementor-widget-container\">\n\t\t\t\t\t<h5 class=\"elementor-heading-title elementor-size-default\">\u00daltima actualizaci\u00f3n: febrero de 2026<\/h5>\t\t\t\t<\/div>\n\t\t\t\t<\/div>\n\t\t\t\t<div class=\"elementor-element elementor-element-48a1d36 wcf-t-animation-none elementor-widget elementor-widget-heading\" data-id=\"48a1d36\" data-element_type=\"widget\" data-e-type=\"widget\" data-settings=\"{&quot;wcf_text_animation&quot;:&quot;none&quot;,&quot;wcf-animation&quot;:&quot;none&quot;}\" data-widget_type=\"heading.default\">\n\t\t\t\t<div class=\"elementor-widget-container\">\n\t\t\t\t\t<h5 class=\"elementor-heading-title elementor-size-default\">1. Informaci\u00f3n General<\/h5>\t\t\t\t<\/div>\n\t\t\t\t<\/div>\n\t\t\t\t<div class=\"vamtam-has-theme-widget-styles elementor-element elementor-element-0bf9c70 wcf-t-animation-none elementor-widget elementor-widget-text-editor\" data-id=\"0bf9c70\" data-element_type=\"widget\" data-e-type=\"widget\" data-settings=\"{&quot;wcf_text_animation&quot;:&quot;none&quot;,&quot;wcf-animation&quot;:&quot;none&quot;}\" data-widget_type=\"text-editor.default\">\n\t\t\t\t<div class=\"elementor-widget-container\">\n\t\t\t\t\t\t\t\t\t<p>El presente sitio web es titularidad de Mar\u00eda Herrera Dur\u00e1, con nombre comercial Centro de Masajes Mar\u00eda Herrera Dur\u00e1, con domicilio en Castalla, Alicante, Espa\u00f1a.<\/p><p>El acceso y uso de este sitio web implica la aceptaci\u00f3n plena y sin reservas de los presentes T\u00e9rminos y Condiciones. Si no est\u00e1 de acuerdo con ellos, le rogamos que no utilice este sitio web.<\/p>\t\t\t\t\t\t\t\t<\/div>\n\t\t\t\t<\/div>\n\t\t\t\t<div class=\"elementor-element elementor-element-73d3ef0 elementor-widget-divider--view-line elementor-widget elementor-widget-divider\" data-id=\"73d3ef0\" data-element_type=\"widget\" data-e-type=\"widget\" data-settings=\"{&quot;wcf-animation&quot;:&quot;none&quot;}\" data-widget_type=\"divider.default\">\n\t\t\t\t<div class=\"elementor-widget-container\">\n\t\t\t\t\t\t\t<div class=\"elementor-divider\">\n\t\t\t<span class=\"elementor-divider-separator\">\n\t\t\t\t\t\t<\/span>\n\t\t<\/div>\n\t\t\t\t\t\t<\/div>\n\t\t\t\t<\/div>\n\t\t\t\t<div class=\"elementor-element elementor-element-303db00 wcf-t-animation-none elementor-widget elementor-widget-heading\" data-id=\"303db00\" data-element_type=\"widget\" data-e-type=\"widget\" data-settings=\"{&quot;wcf_text_animation&quot;:&quot;none&quot;,&quot;wcf-animation&quot;:&quot;none&quot;}\" data-widget_type=\"heading.default\">\n\t\t\t\t<div class=\"elementor-widget-container\">\n\t\t\t\t\t<h5 class=\"elementor-heading-title elementor-size-default\">2. Servicios Ofrecidos<\/h5>\t\t\t\t<\/div>\n\t\t\t\t<\/div>\n\t\t\t\t<div class=\"vamtam-has-theme-widget-styles elementor-element elementor-element-36fe872 wcf-t-animation-none elementor-widget elementor-widget-text-editor\" data-id=\"36fe872\" data-element_type=\"widget\" data-e-type=\"widget\" data-settings=\"{&quot;wcf_text_animation&quot;:&quot;none&quot;,&quot;wcf-animation&quot;:&quot;none&quot;}\" data-widget_type=\"text-editor.default\">\n\t\t\t\t<div class=\"elementor-widget-container\">\n\t\t\t\t\t\t\t\t\t<p>Centro de Masajes Mar\u00eda Herrera Dur\u00e1 ofrece servicios profesionales de masoterapia y terapias corporales, entre los que se incluyen:<\/p><ul><li>Masajes relajantes y terap\u00e9uticos.<\/li><li>Masajes deportivos y de recuperaci\u00f3n.<\/li><li>Tratamientos anticelul\u00edticos y reductores.<\/li><li>Otros tratamientos de bienestar corporal disponibles en el centro.<\/li><\/ul><p>Los servicios se prestan exclusivamente de forma presencial en las instalaciones del centro en Castalla, previa cita.<\/p>\t\t\t\t\t\t\t\t<\/div>\n\t\t\t\t<\/div>\n\t\t\t\t<div class=\"elementor-element elementor-element-e2ac612 elementor-widget-divider--view-line elementor-widget elementor-widget-divider\" data-id=\"e2ac612\" data-element_type=\"widget\" data-e-type=\"widget\" data-settings=\"{&quot;wcf-animation&quot;:&quot;none&quot;}\" data-widget_type=\"divider.default\">\n\t\t\t\t<div class=\"elementor-widget-container\">\n\t\t\t\t\t\t\t<div class=\"elementor-divider\">\n\t\t\t<span class=\"elementor-divider-separator\">\n\t\t\t\t\t\t<\/span>\n\t\t<\/div>\n\t\t\t\t\t\t<\/div>\n\t\t\t\t<\/div>\n\t\t\t\t<div class=\"elementor-element elementor-element-95a4c7c wcf-t-animation-none elementor-widget elementor-widget-heading\" data-id=\"95a4c7c\" data-element_type=\"widget\" data-e-type=\"widget\" data-settings=\"{&quot;wcf_text_animation&quot;:&quot;none&quot;,&quot;wcf-animation&quot;:&quot;none&quot;}\" data-widget_type=\"heading.default\">\n\t\t\t\t<div class=\"elementor-widget-container\">\n\t\t\t\t\t<h5 class=\"elementor-heading-title elementor-size-default\">3. Reservas y Citas<\/h5>\t\t\t\t<\/div>\n\t\t\t\t<\/div>\n\t\t\t\t<div class=\"vamtam-has-theme-widget-styles elementor-element elementor-element-b224b6b wcf-t-animation-none elementor-widget elementor-widget-text-editor\" data-id=\"b224b6b\" data-element_type=\"widget\" data-e-type=\"widget\" data-settings=\"{&quot;wcf_text_animation&quot;:&quot;none&quot;,&quot;wcf-animation&quot;:&quot;none&quot;}\" data-widget_type=\"text-editor.default\">\n\t\t\t\t<div class=\"elementor-widget-container\">\n\t\t\t\t\t\t\t\t\t<p>Las citas pueden realizarse a trav\u00e9s de los canales habilitados: formulario web, tel\u00e9fono o redes sociales. La reserva quedar\u00e1 confirmada una vez que el centro la confirme expl\u00edcitamente.<\/p><ul><li>Las citas est\u00e1n sujetas a disponibilidad.<\/li><li>Se recomienda llegar con al menos 5 minutos de antelaci\u00f3n.<\/li><li>En caso de necesitar cancelar o modificar una cita, rogamos que lo comunique con un m\u00ednimo de 24 horas de antelaci\u00f3n.<\/li><li>Las cancelaciones realizadas con menos de 24 horas de antelaci\u00f3n o la no presentaci\u00f3n sin aviso previo podr\u00e1n suponer la p\u00e9rdida del importe abonado o un cargo por gesti\u00f3n, seg\u00fan la pol\u00edtica vigente del centro.<\/li><\/ul>\t\t\t\t\t\t\t\t<\/div>\n\t\t\t\t<\/div>\n\t\t\t\t<div class=\"elementor-element elementor-element-a5604fa elementor-widget-divider--view-line elementor-widget elementor-widget-divider\" data-id=\"a5604fa\" data-element_type=\"widget\" data-e-type=\"widget\" data-settings=\"{&quot;wcf-animation&quot;:&quot;none&quot;}\" data-widget_type=\"divider.default\">\n\t\t\t\t<div class=\"elementor-widget-container\">\n\t\t\t\t\t\t\t<div class=\"elementor-divider\">\n\t\t\t<span class=\"elementor-divider-separator\">\n\t\t\t\t\t\t<\/span>\n\t\t<\/div>\n\t\t\t\t\t\t<\/div>\n\t\t\t\t<\/div>\n\t\t\t\t<div class=\"elementor-element elementor-element-b5e6672 wcf-t-animation-none elementor-widget elementor-widget-heading\" data-id=\"b5e6672\" data-element_type=\"widget\" data-e-type=\"widget\" data-settings=\"{&quot;wcf_text_animation&quot;:&quot;none&quot;,&quot;wcf-animation&quot;:&quot;none&quot;}\" data-widget_type=\"heading.default\">\n\t\t\t\t<div class=\"elementor-widget-container\">\n\t\t\t\t\t<h5 class=\"elementor-heading-title elementor-size-default\">4. Precios y Pagos<\/h5>\t\t\t\t<\/div>\n\t\t\t\t<\/div>\n\t\t\t\t<div class=\"vamtam-has-theme-widget-styles elementor-element elementor-element-285d08c wcf-t-animation-none elementor-widget elementor-widget-text-editor\" data-id=\"285d08c\" data-element_type=\"widget\" data-e-type=\"widget\" data-settings=\"{&quot;wcf_text_animation&quot;:&quot;none&quot;,&quot;wcf-animation&quot;:&quot;none&quot;}\" data-widget_type=\"text-editor.default\">\n\t\t\t\t<div class=\"elementor-widget-container\">\n\t\t\t\t\t\t\t\t\t<p>Los precios de los servicios son los indicados en la tarifa vigente del centro en el momento de la reserva. El centro se reserva el derecho a modificar sus tarifas en cualquier momento, siendo los nuevos precios aplicables a partir de su publicaci\u00f3n.<\/p><p>El pago se realizar\u00e1 seg\u00fan los m\u00e9todos disponibles en el centro (efectivo, tarjeta u otros medios indicados). Los precios indicados incluyen el IVA aplicable seg\u00fan la legislaci\u00f3n espa\u00f1ola vigente.<\/p>\t\t\t\t\t\t\t\t<\/div>\n\t\t\t\t<\/div>\n\t\t\t\t<div class=\"elementor-element elementor-element-499c505 elementor-widget-divider--view-line elementor-widget elementor-widget-divider\" data-id=\"499c505\" data-element_type=\"widget\" data-e-type=\"widget\" data-settings=\"{&quot;wcf-animation&quot;:&quot;none&quot;}\" data-widget_type=\"divider.default\">\n\t\t\t\t<div class=\"elementor-widget-container\">\n\t\t\t\t\t\t\t<div class=\"elementor-divider\">\n\t\t\t<span class=\"elementor-divider-separator\">\n\t\t\t\t\t\t<\/span>\n\t\t<\/div>\n\t\t\t\t\t\t<\/div>\n\t\t\t\t<\/div>\n\t\t\t\t<div class=\"elementor-element elementor-element-25358ef wcf-t-animation-none elementor-widget elementor-widget-heading\" data-id=\"25358ef\" data-element_type=\"widget\" data-e-type=\"widget\" data-settings=\"{&quot;wcf_text_animation&quot;:&quot;none&quot;,&quot;wcf-animation&quot;:&quot;none&quot;}\" data-widget_type=\"heading.default\">\n\t\t\t\t<div class=\"elementor-widget-container\">\n\t\t\t\t\t<h5 class=\"elementor-heading-title elementor-size-default\">5. Responsabilidad y Contraindicaciones<\/h5>\t\t\t\t<\/div>\n\t\t\t\t<\/div>\n\t\t\t\t<div class=\"vamtam-has-theme-widget-styles elementor-element elementor-element-f56b736 wcf-t-animation-none elementor-widget elementor-widget-text-editor\" data-id=\"f56b736\" data-element_type=\"widget\" data-e-type=\"widget\" data-settings=\"{&quot;wcf_text_animation&quot;:&quot;none&quot;,&quot;wcf-animation&quot;:&quot;none&quot;}\" data-widget_type=\"text-editor.default\">\n\t\t\t\t<div class=\"elementor-widget-container\">\n\t\t\t\t\t\t\t\t\t<p>Los servicios de masoterapia son tratamientos de bienestar. El cliente es responsable de informar al terapeuta sobre cualquier condici\u00f3n de salud, lesi\u00f3n, embarazo, alergia o medicaci\u00f3n que pueda afectar al tratamiento.<\/p><p>Centro de Masajes Mar\u00eda Herrera Dur\u00e1 no se hace responsable de los da\u00f1os o perjuicios derivados de la ocultaci\u00f3n de informaci\u00f3n m\u00e9dica relevante por parte del cliente. Ante cualquier duda sobre la idoneidad de un tratamiento, se recomienda consultar previamente con un m\u00e9dico.<\/p><p>\u00a0<\/p>\t\t\t\t\t\t\t\t<\/div>\n\t\t\t\t<\/div>\n\t\t\t\t<div class=\"elementor-element elementor-element-777a9a1 elementor-widget-divider--view-line elementor-widget elementor-widget-divider\" data-id=\"777a9a1\" data-element_type=\"widget\" data-e-type=\"widget\" data-settings=\"{&quot;wcf-animation&quot;:&quot;none&quot;}\" data-widget_type=\"divider.default\">\n\t\t\t\t<div class=\"elementor-widget-container\">\n\t\t\t\t\t\t\t<div class=\"elementor-divider\">\n\t\t\t<span class=\"elementor-divider-separator\">\n\t\t\t\t\t\t<\/span>\n\t\t<\/div>\n\t\t\t\t\t\t<\/div>\n\t\t\t\t<\/div>\n\t\t\t\t<div class=\"elementor-element elementor-element-274e8e2 wcf-t-animation-none elementor-widget elementor-widget-heading\" data-id=\"274e8e2\" data-element_type=\"widget\" data-e-type=\"widget\" data-settings=\"{&quot;wcf_text_animation&quot;:&quot;none&quot;,&quot;wcf-animation&quot;:&quot;none&quot;}\" data-widget_type=\"heading.default\">\n\t\t\t\t<div class=\"elementor-widget-container\">\n\t\t\t\t\t<h5 class=\"elementor-heading-title elementor-size-default\">6. Propiedad Intelectual<\/h5>\t\t\t\t<\/div>\n\t\t\t\t<\/div>\n\t\t\t\t<div class=\"vamtam-has-theme-widget-styles elementor-element elementor-element-0cb3797 wcf-t-animation-none elementor-widget elementor-widget-text-editor\" data-id=\"0cb3797\" data-element_type=\"widget\" data-e-type=\"widget\" data-settings=\"{&quot;wcf_text_animation&quot;:&quot;none&quot;,&quot;wcf-animation&quot;:&quot;none&quot;}\" data-widget_type=\"text-editor.default\">\n\t\t\t\t<div class=\"elementor-widget-container\">\n\t\t\t\t\t\t\t\t\t<p>Todos los contenidos del sitio web (textos, im\u00e1genes, logotipos, dise\u00f1o gr\u00e1fico, etc.) son propiedad de Centro de Masajes Mar\u00eda Herrera Dur\u00e1 o de terceros que han autorizado su uso. Queda prohibida su reproducci\u00f3n, distribuci\u00f3n, comunicaci\u00f3n p\u00fablica o transformaci\u00f3n sin autorizaci\u00f3n expresa y por escrito de la titular.<\/p>\t\t\t\t\t\t\t\t<\/div>\n\t\t\t\t<\/div>\n\t\t\t\t<div class=\"elementor-element elementor-element-62dd7fb elementor-widget-divider--view-line elementor-widget elementor-widget-divider\" data-id=\"62dd7fb\" data-element_type=\"widget\" data-e-type=\"widget\" data-settings=\"{&quot;wcf-animation&quot;:&quot;none&quot;}\" data-widget_type=\"divider.default\">\n\t\t\t\t<div class=\"elementor-widget-container\">\n\t\t\t\t\t\t\t<div class=\"elementor-divider\">\n\t\t\t<span class=\"elementor-divider-separator\">\n\t\t\t\t\t\t<\/span>\n\t\t<\/div>\n\t\t\t\t\t\t<\/div>\n\t\t\t\t<\/div>\n\t\t\t\t<div class=\"elementor-element elementor-element-ae7ae27 wcf-t-animation-none elementor-widget elementor-widget-heading\" data-id=\"ae7ae27\" data-element_type=\"widget\" data-e-type=\"widget\" data-settings=\"{&quot;wcf_text_animation&quot;:&quot;none&quot;,&quot;wcf-animation&quot;:&quot;none&quot;}\" data-widget_type=\"heading.default\">\n\t\t\t\t<div class=\"elementor-widget-container\">\n\t\t\t\t\t<h5 class=\"elementor-heading-title elementor-size-default\">7. Uso del Sitio Web<\/h5>\t\t\t\t<\/div>\n\t\t\t\t<\/div>\n\t\t\t\t<div class=\"vamtam-has-theme-widget-styles elementor-element elementor-element-d76dd36 wcf-t-animation-none elementor-widget elementor-widget-text-editor\" data-id=\"d76dd36\" data-element_type=\"widget\" data-e-type=\"widget\" data-settings=\"{&quot;wcf_text_animation&quot;:&quot;none&quot;,&quot;wcf-animation&quot;:&quot;none&quot;}\" data-widget_type=\"text-editor.default\">\n\t\t\t\t<div class=\"elementor-widget-container\">\n\t\t\t\t\t\t\t\t\t<p>El usuario se compromete a hacer un uso l\u00edcito del sitio web, de conformidad con la ley espa\u00f1ola, las presentes condiciones y la moral y el orden p\u00fablico. Queda prohibido:<\/p><ul><li>Introducir o difundir contenidos il\u00edcitos, racistas, xen\u00f3fobos o lesivos para la dignidad de las personas.<\/li><li>Difundir, transmitir o poner a disposici\u00f3n de terceros cualquier tipo de informaci\u00f3n que vulnere secretos empresariales o derechos de propiedad intelectual o industrial.<\/li><li>Utilizar mecanismos automatizados para extraer datos del sitio (scraping).<\/li><\/ul><p>\u00a0<\/p>\t\t\t\t\t\t\t\t<\/div>\n\t\t\t\t<\/div>\n\t\t\t\t<div class=\"elementor-element elementor-element-74f1a57 elementor-widget-divider--view-line elementor-widget elementor-widget-divider\" data-id=\"74f1a57\" data-element_type=\"widget\" data-e-type=\"widget\" data-settings=\"{&quot;wcf-animation&quot;:&quot;none&quot;}\" data-widget_type=\"divider.default\">\n\t\t\t\t<div class=\"elementor-widget-container\">\n\t\t\t\t\t\t\t<div class=\"elementor-divider\">\n\t\t\t<span class=\"elementor-divider-separator\">\n\t\t\t\t\t\t<\/span>\n\t\t<\/div>\n\t\t\t\t\t\t<\/div>\n\t\t\t\t<\/div>\n\t\t\t\t<div class=\"elementor-element elementor-element-7db8ede wcf-t-animation-none elementor-widget elementor-widget-heading\" data-id=\"7db8ede\" data-element_type=\"widget\" data-e-type=\"widget\" data-settings=\"{&quot;wcf_text_animation&quot;:&quot;none&quot;,&quot;wcf-animation&quot;:&quot;none&quot;}\" data-widget_type=\"heading.default\">\n\t\t\t\t<div class=\"elementor-widget-container\">\n\t\t\t\t\t<h5 class=\"elementor-heading-title elementor-size-default\">8. Legislaci\u00f3n Aplicable y Jurisdicci\u00f3n<\/h5>\t\t\t\t<\/div>\n\t\t\t\t<\/div>\n\t\t\t\t<div class=\"vamtam-has-theme-widget-styles elementor-element elementor-element-afef6a0 wcf-t-animation-none elementor-widget elementor-widget-text-editor\" data-id=\"afef6a0\" data-element_type=\"widget\" data-e-type=\"widget\" data-settings=\"{&quot;wcf_text_animation&quot;:&quot;none&quot;,&quot;wcf-animation&quot;:&quot;none&quot;}\" data-widget_type=\"text-editor.default\">\n\t\t\t\t<div class=\"elementor-widget-container\">\n\t\t\t\t\t\t\t\t\t<p>Los presentes T\u00e9rminos y Condiciones se rigen por la legislaci\u00f3n espa\u00f1ola vigente, en particular por la Ley 34\/2002, de 11 de julio, de Servicios de la Sociedad de la Informaci\u00f3n y de Comercio Electr\u00f3nico (LSSI-CE), el Real Decreto Legislativo 1\/2007 (TRLGDCU) y dem\u00e1s normativa aplicable.<\/p><p>Para la resoluci\u00f3n de cualquier controversia derivada del uso del sitio web, las partes se someten a los Juzgados y Tribunales de Alicante, con renuncia expresa a cualquier otro fuero que pudiera corresponderles.<\/p>\t\t\t\t\t\t\t\t<\/div>\n\t\t\t\t<\/div>\n\t\t\t\t<div class=\"elementor-element elementor-element-5e7db98 elementor-widget-divider--view-line elementor-widget elementor-widget-divider\" data-id=\"5e7db98\" data-element_type=\"widget\" data-e-type=\"widget\" data-settings=\"{&quot;wcf-animation&quot;:&quot;none&quot;}\" data-widget_type=\"divider.default\">\n\t\t\t\t<div class=\"elementor-widget-container\">\n\t\t\t\t\t\t\t<div class=\"elementor-divider\">\n\t\t\t<span class=\"elementor-divider-separator\">\n\t\t\t\t\t\t<\/span>\n\t\t<\/div>\n\t\t\t\t\t\t<\/div>\n\t\t\t\t<\/div>\n\t\t\t\t<div class=\"elementor-element elementor-element-7f4f3fe wcf-t-animation-none elementor-widget elementor-widget-heading\" data-id=\"7f4f3fe\" data-element_type=\"widget\" data-e-type=\"widget\" data-settings=\"{&quot;wcf_text_animation&quot;:&quot;none&quot;,&quot;wcf-animation&quot;:&quot;none&quot;}\" data-widget_type=\"heading.default\">\n\t\t\t\t<div class=\"elementor-widget-container\">\n\t\t\t\t\t<h5 class=\"elementor-heading-title elementor-size-default\">9. Modificaci\u00f3n de los T\u00e9rminos<\/h5>\t\t\t\t<\/div>\n\t\t\t\t<\/div>\n\t\t\t\t<div class=\"vamtam-has-theme-widget-styles elementor-element elementor-element-c1f6661 wcf-t-animation-none elementor-widget elementor-widget-text-editor\" data-id=\"c1f6661\" data-element_type=\"widget\" data-e-type=\"widget\" data-settings=\"{&quot;wcf_text_animation&quot;:&quot;none&quot;,&quot;wcf-animation&quot;:&quot;none&quot;}\" data-widget_type=\"text-editor.default\">\n\t\t\t\t<div class=\"elementor-widget-container\">\n\t\t\t\t\t\t\t\t\t<p>Centro de Masajes Mar\u00eda Herrera Dur\u00e1 se reserva el derecho a modificar en cualquier momento los presentes T\u00e9rminos y Condiciones. Los cambios ser\u00e1n efectivos desde su publicaci\u00f3n en el sitio web. Se recomienda su revisi\u00f3n peri\u00f3dica.<\/p>\t\t\t\t\t\t\t\t<\/div>\n\t\t\t\t<\/div>\n\t\t\t\t\t<\/div>\n\t\t\t\t<\/div>\n\t\t\t\t<\/div>\n\t\t","protected":false},"excerpt":{"rendered":"<p>\u00daltima actualizaci\u00f3n: febrero de 2026 1. Informaci\u00f3n General El presente sitio web es titularidad de Mar\u00eda Herrera Dur\u00e1, con nombre comercial Centro de Masajes Mar\u00eda Herrera Dur\u00e1, con domicilio en Castalla, Alicante, Espa\u00f1a. El acceso y uso de este sitio web implica la aceptaci\u00f3n plena y sin reservas de los presentes T\u00e9rminos y Condiciones. Si&#8230;<\/p>\n","protected":false},"author":1,"featured_media":0,"parent":23,"menu_order":0,"comment_status":"closed","ping_status":"closed","template":"","meta":{"footnotes":""},"class_list":["post-1708","page","type-page","status-publish","hentry"],"_links":{"self":[{"href":"https:\/\/beatodigital.es\/maria\/index.php\/wp-json\/wp\/v2\/pages\/1708","targetHints":{"allow":["GET"]}}],"collection":[{"href":"https:\/\/beatodigital.es\/maria\/index.php\/wp-json\/wp\/v2\/pages"}],"about":[{"href":"https:\/\/beatodigital.es\/maria\/index.php\/wp-json\/wp\/v2\/types\/page"}],"author":[{"embeddable":true,"href":"https:\/\/beatodigital.es\/maria\/index.php\/wp-json\/wp\/v2\/users\/1"}],"replies":[{"embeddable":true,"href":"https:\/\/beatodigital.es\/maria\/index.php\/wp-json\/wp\/v2\/comments?post=1708"}],"version-history":[{"count":0,"href":"https:\/\/beatodigital.es\/maria\/index.php\/wp-json\/wp\/v2\/pages\/1708\/revisions"}],"up":[{"embeddable":true,"href":"https:\/\/beatodigital.es\/maria\/index.php\/wp-json\/wp\/v2\/pages\/23"}],"wp:attachment":[{"href":"https:\/\/beatodigital.es\/maria\/index.php\/wp-json\/wp\/v2\/media?parent=1708"}],"curies":[{"name":"wp","href":"https:\/\/api.w.org\/{rel}","templated":true}]}}